ommon factor of 28 and g?
7
Suppose 27 = g + 4. Calculate the greatest common factor of 23 and g.
23
Suppose l = 4*f - 98, -4*l - 59 = -3*f + 21. Suppose 76 + f = 5*w. Calculate the highest common factor of w and 5.
5
Let p be 3*3/(-9) - 2. Let f be 1704/9 - (-1)/p. What is the highest common divisor of 27 and f?
27
Let q = -13 - -24. Let l(y) = -y**2 + 12*y + 12. Let b be l(q). Calculate the greatest common factor of b and 46.
23
Let a(u) = 23*u**2 + 69*u + 1. Let r be a(-6). Calculate the greatest common factor of 664 and r.
83
Let w(k) = 198*k**3 + k**2 + k - 4. Let i be w(1). What is the highest common factor of 490 and i?
98
Suppose 10 = 2*x, -v + 3*x + 14 = 27. What is the highest common factor of 62 and v?
2
Suppose q + 2*q = 30. Suppose 2*i = -2*a + q, -7 = -3*a + 2. Suppose i*p - 7*p = -475. Calculate the greatest common divisor of p and 38.
19
Let f = 58 - 40. Let t = 4 - 3. Suppose -g + t = -m, 8 = 3*g + m - 3*m. What is the greatest common divisor of f and g?
6
Suppose -5*u + 12 - 2 = 0, -2*z + u = 164. Let l be -3 - (4 + -6) - z. Let w(x) = x**2 + 2*x - 4. Let n be w(4). Calculate the highest common factor of n and l.
20
Suppose -3*d + 4*y = -55, 3*d = -y - 2*y + 90. Suppose -d - 130 = -5*w - 5*n, 3*n = -12. Calculate the highest common factor of w and 385.
35
Let g(a) = -4*a - 3. Let x be g(-4). What is the highest common divisor of 2197 and x?
13
Let y(n) = 2*n**2 + 3*n + 4. Let d be y(-1). Calculate the greatest common factor of 69 and d.
3
Suppose -2 = 3*o - 14. Suppose -o*h = -5*h + 6. Let s(y) = 2*y**2 + 2*y. Let k be s(-2). Calculate the highest common factor of k and h.
2
Let p = 2 - -34. Let d = -557 + 561. Calculate the highest common factor of p and d.
4
Let p = 78 - -118. What is the greatest common factor of p and 294?
98
Let q(o) = -o**2 + 6*o + 8. Let z be q(6). Let s = -47 + 53. Let m(c) = -c**3 + 6*c**2 + 6*c - 4. Let b be m(s). Calculate the highest common factor of b and z.
8
Let k be (12/(-1))/(-10 - -8). Suppose 2*y = -0*y + k. Let f be (-2)/y + 320/30. Calculate the greatest common factor of f and 4.
2
Let c = 53 - 3. Suppose -p - 4*p = -c. What is the highest common divisor of 70 and p?
10
Suppose -3*p + 6*p = -15. Let f(h) be the second derivative of -h**3 - 15*h**2/2 + 2*h - 152. Let g be f(p). What is the highest common divisor of g and 15?
15
Let g = -164 + 174. Suppose -2*m + 4*w = -136, -5*m + 2*w - 3*w + 351 = 0. Calculate the greatest common factor of m and g.
10
Suppose -4*h + 4*o + 252 = 0, 5*h - o = -177 + 504. Let a be (0 - -3)*(-3 + h/9). Calculate the greatest common factor of 104 and a.
13
Suppose 2*b + 110 = 552. Let o = -19 - -36. Calculate the highest common factor of o and b.
17
Suppose -2*n + 10 = 0, 3*n = -4*t + 268 - 33. What is the highest common divisor of 11 and t?
11
Let c(t) = 2*t + 20. Let b be c(-9). Let j be 0 + (-3 + -7 - b). Let f be 239/4 - j/48. Calculate the highest common divisor of 150 and f.
30
Let k = -233 - -269. What is the greatest common divisor of 12 and k?
12
Suppose -4*m + 4*k + 12 = -44, 0 = 3*m - 5*k - 52. Suppose 1 = -4*z + m. Let w be 3*20*5/60. What is the highest common factor of z and w?
1
Let a = 0 + -20. Let s = a - -45. Calculate the highest common factor of s and 5.
5
Let y(c) = 2*c + 9. Let v = 4 + -7. Let g be y(v). Suppose g*w + 10 = -h, 0*h - 2*h + 5*w = -24. Calculate the highest common divisor of 6 and h.
2
Suppose -76 = 122*c - 713 - 4243. Suppose 0 = -5*q + 57 - 17. Calculate the greatest common factor of q and c.
8
Suppose -3*p + 87 = -3*k + 5*k, 0 = -4*p - 12. Suppose -16*s + 196 = -380. Calculate the highest common divisor of s and k.
12
Suppose -33 = -3*n - 0*n - 3*q, -4*q + 22 = 2*n. Let k(w) = 76*w**3 + 4*w - 3. Suppose 0 + 1 = v. Let o be k(v). Calculate the highest common factor of o and n.
11
Suppose -66 = -5*n - k + 377, -4*n + 361 = 3*k. Calculate the greatest common factor of n and 16.
8
Let r = 27 - 23. Let d(f) = 2*f**2 + 4*f. Let b be d(-4). Suppose l - 2*l = -b. Calculate the highest common factor of l and r.
4
Suppose 5*d = -16 + 1, 5*d + 1506 = l. What is the greatest common factor of l and 21?
21
Let g(m) = 4*m**2 - 5*m + 5. Let j be g(4). Let w = j + -25. Calculate the greatest common divisor of 60 and w.
12
Suppose 3*s = 4*s - 13. Suppose 0 = k + 2 + 1, 5*k + 263 = -4*d. Let l be (-3 + 0 + d)*-2. What is the highest common factor of l and s?
13
Suppose i + 130 = 6*i. Suppose 29*h = 27*h + i. What is the greatest common divisor of 39 and h?
13
Let x = -9 + 15. Let k = 91 - 158. Let r = -19 - k. What is the greatest common factor of r and x?
6
Let f = 19 + -15. Suppose 3*a - 16 = -w, 3*a + 0 = f*w - 19. What is the greatest common factor of 28 and w?
7
Suppose 6*f + 9 = 4*c + 3*f, 4*f = -2*c + 32. Suppose c*u - 100 = u. Calculate the highest common factor of 8 and u.
4
Let y(r) = -r**3 - 26*r**2 - 25*r + 25. Let m be y(-25). Suppose -29*s + 52 = -m*s. What is the highest common factor of 26 and s?
13
Let v(q) = 6*q**2 - 12*q + 22. Let b(w) = -w**2. Let r(d) = 5*b(d) + v(d). Let t be r(13). What is the greatest common divisor of 5 and t?
5
Let k be (-7 - (-2288)/8) + 9. Calculate the highest common factor of 9 and k.
9
Let i be -1 + ((-90)/25)/(18/(-60)). Calculate the highest common factor of i and 583.
11
Suppose -4*n + 18 = -6. What is the highest common divisor of 57 and n?
3
Let x(g) = 3*g + 25*g**2 - 6*g - 4 - 5*g - 26*g**2. Let b be x(-6). Let j be 14 - (-9 + 3)/3. What is the highest common factor of j and b?
8
Suppose -5*i = -c - 1 - 5, -i - 14 = -4*c. Let s be (1*i/3)/(23/1449). Let k(d) = 7*d - 7. Let u be k(5). What is the highest common factor of u and s?
14
Let h = 897 + -870. What is the highest common divisor of 225 and h?
9
Suppose 5*v - 215 - 60 = 0. Let k = -12 - -17. What is the greatest common divisor of k and v?
5
Let a = 1827 - 1773. What is the greatest common divisor of 162 and a?
54
Let u be -3 - (-8 - (2 - 4)). Suppose 0 = -s + 2*y + 5, 2*s - 2*y = u*s - 9. Let k be 44/s + 8/(-28). What is the greatest common divisor of k and 48?
6
Let p(d) = 2*d**3 - 25*d**2 + 14*d + 10. Let j be p(12). Suppose -5*m - 14 = -1884. Calculate the greatest common factor of j and m.
34
Suppose -5*a = -62 - 8. Calculate the greatest common divisor of 7 and a.
7
Let a = -80 - -90. What is the greatest common divisor of 65 and a?
5
Suppose 2*o + 2*i - 18 = 0, 3*i + 21 - 4 = o. What is the greatest common divisor of o and 572?
11
Let s = -475 - -1064. Calculate the highest common factor of 31 and s.
31
Let u be (-42 - (1 - -2))/(-1). Suppose g - 28 - 89 = 5*p, 2*p - g + u = 0. Let a = p - -35. Calculate the highest common factor of 1 and a.
1
Let g be (576/224)/((-2)/(-56)). Calculate the greatest common divisor of 8 and g.
8
Let t = 9 + -3. Let o be 1 + 10 + -2*1. Let i(b) = b - 6. Let l be i(o). What is the highest common divisor of l and t?
3
Let z = 27 + 37. Let w be (-2)/((-4)/16*1). Calculate the highest common factor of w and z.
8
Suppose 2*n - 10 = 16. Calculate the greatest common divisor of n and 299.
13
Let b = 2971 - 2003. Calculate the greatest common factor of 44 and b.
44
Suppose 3*j + 2*l = -2*j - 133, 0 = j - 3*l + 13. Let o = -69 - j. Let d = -11 - o. Calculate the highest common divisor of d and 11.
11
Let u = 2098 + -1416. What is the greatest common factor of 124 and u?
62
Suppose 5*o + 14 = 2*m, -5*m = o - 40 + 5. Let b(j) = j**2 + j + 3. Let q be b(-7). Let d be q/6 + 3/(-6). What is the highest common factor of m and d?
7
Let f be 4/(-18) - (-9128)/252. Suppose -s + 3*s = 216. What is the greatest common factor of s and f?
36
Suppose 4574 = u + 4169. Calculate the greatest common factor of 243 and u.
81
Suppose 3*a - 123 = -3*h, 12 = 5*h + a - 213. Suppose 3*y - 302 = 43. Calculate the highest common divisor of h and y.
23
Suppose -2*r - 12 = -2*z + 18, 4*z - 30 = r. Let g be 9/((-11)/r + (-6)/12). Calculate the highest common factor of g and 5.
5
Let d(i) = -i**2 - 26*i - 33. Let r be d(-21). Let a = -3 + 21. What is the highest common factor of r and a?
18
Let x(f) = -17*f + 326. Let b be x(16). Calculate the highest common divisor of 16 and b.
2
Let z = -495 - -505. Calculate the greatest common divisor of 35 and z.
5
Let n(x) = x**2 + x + 2. Let p be n(-2). Suppose p*r = 3*r + 5. Suppose 392 